pose 3*f + 0*f = -84. Let y = f + 58. Calculate the highest common divisor of 240 and y.
30
Suppose 5*l - 7 = -6*h + 54, h + l = 10. Let x = 183 + 26. What is the highest common divisor of h and x?
11
Let k(u) = -u + 11. Let s be k(7). Suppose -3*d + s*f + 21 = f, -5*f + 19 = 4*d. Suppose -c - 200 = -d*c. What is the greatest common factor of c and 16?
8
Let f be (-2 - 1) + (-4 + 0)*-1. Let m be f*(-1)/5*-5. What is the greatest common factor of m and 5?
1
Let l = -10 + 31. Let b = l + 19. Calculate the highest common factor of b and 5.
5
Suppose 4*n - 1 = 23. Suppose n*d = 65 - 23. Calculate the greatest common factor of d and 21.
7
Let y be (-90 - 2)*(-1)/2. Let g(p) be the third derivative of -5*p**4/6 - 11*p**3/6 + 14*p**2. Let d be g(-4). Calculate the greatest common factor of d and y.
23
Let u = 19 + 249. What is the greatest common factor of 67 and u?
67
Let s(a) = 3*a**2 + 3*a - 9. Let b be s(-6). What is the highest common divisor of 54 and b?
27
Let t be (-10 + 7)*1/(-1). Suppose 6*h - 38 = 2*h + 2*p, t*p = -h + 20. What is the highest common factor of h and 55?
11
Suppose 88 = 5*d + 7*y - 3*y, 4*y = 3*d - 40. What is the greatest common divisor of 304 and d?
16
Suppose 0*w + 5*w - 5*o - 65 = 0, -4*w = -2*o - 42. Calculate the highest common factor of 472 and w.
8
Let l = -17 + 19. Suppose 3*a - v - 33 = -10, -3*v = -l*a + 6. What is the highest common factor of 21 and a?
3
Let w = 353 - 323. What is the highest common divisor of w and 870?
30
Let u(t) = -t - 3. Let d be u(-3). Let z(n) = 57*n - 21. Let y be z(1). Suppose 5*o - 231 + y = d. What is the greatest common factor of 13 and o?
13
Let f(u) = u + 11. Suppose -16 = a + 3*c, 2*a - 3*a - c - 10 = 0. Let l be f(a). Suppose l*p - 3*p - 60 = 0. What is the highest common divisor of p and 15?
15
Let x = -36 - -56. What is the greatest common factor of 860 and x?
20
Suppose -9*g + 132 = 3*g. Suppose -i + 95 = 4*m, 0 = i + i - 3*m - 201. Calculate the highest common divisor of g and i.
11
Suppose -4*d + 1095 = -3*i, 6*d = 4*d + i + 547. Calculate the greatest common factor of d and 42.
21
Suppose -2*p = 3*u - 3623, -2*p = -3*u + 3120 + 511. Calculate the highest common divisor of u and 31.
31
Suppose 0 = 3*t - 5*u - 1754, 23*t - 4*u - 1753 = 20*t. What is the highest common factor of 53 and t?
53
Let p = -610 - -700. Calculate the highest common factor of p and 45.
45
Let p = -1325 + 1361. What is the highest common factor of p and 48?
12
Suppose -25 = -4*n - v, 5*v - 17 = -n - n. Let h = -24 + 25. Let z be (14 + -5)/(h/6). Calculate the greatest common factor of n and z.
6
Let m be 1/(-3 - (-10)/3). Let b = -225 - -121. Let d be -2*1 + b/(-4). What is the greatest common factor of m and d?
3
Suppose 4*y = -g + 260, -4*y = -11*g + 14*g - 252. Calculate the highest common factor of y and 231.
33
Let r(j) = j**2 + 39*j + 56. Let c be r(-46). What is the highest common factor of 42 and c?
42
Let k = -52 + 54. Suppose 6*l - 3*t - 25 = k*l, -l + 3*t + 13 = 0. Calculate the highest common divisor of 36 and l.
4
Let s be 19/((-114)/(-84))*1. What is the highest common divisor of 112 and s?
14
Suppose 2*a = 6*a - 92. Let z be (0 + -12)*(-456)/16. Suppose -3*o = -2*t + 337, -2*t + o + 3*o = -z. What is the greatest common factor of a and t?
23
Let s(b) = 4*b - 5. Let c be s(2). Suppose -2*v + 3*v = z - 8, c*z + 4 = -4*v. Let k = -58 - -68. What is the highest common factor of k and z?
2
Let a be (-2)/(0 - 2) + 89. Suppose -283*m - 90 = -286*m. What is the greatest common factor of m and a?
30
Suppose 5*i + 0*h - 4*h - 45 = 0, 5*i = -5*h + 90. Let u be 4/(-44) + (-7398)/(-66) + -8. What is the highest common divisor of u and i?
13
Let r(k) = -k**2 - 3*k - 7. Let n be r(-12). Let c = -15 - n. Calculate the highest common divisor of 20 and c.
20
Let f = 154 + -58. Let g be -1 + 18 + -1 + (-28)/7. What is the greatest common divisor of f and g?
12
Let i be -1*(2/(-2) + -6). Let p be (-2)/(-3)*((-21)/(-2))/i. Calculate the highest common factor of 4 and p.
1
Suppose 0*w + 2*o = 3*w - 330, -3*o + 99 = w. Let n(u) = -155*u - 119. Let d be n(-1). What is the greatest common factor of w and d?
36
Let c = -78 + 159. Let i be 18/c + (-5990)/(-18). What is the highest common divisor of i and 37?
37
Let u = -2 + 98. Calculate the highest common factor of 6 and u.
6
Let v(p) = p**3 + 6*p**2 - p - 4. Let m be v(-6). Let q = 7932 + -7922. What is the greatest common divisor of q and m?
2
Suppose 3*x - 7 - 10 = 4*b, 37 = 5*x + 2*b. What is the greatest common divisor of 63 and x?
7
Let l be ((-9)/(-3) + (-2)/1)*5. Suppose -l*q + 3*q + 648 = 0. Let m be (0 - -1)*144/4. What is the greatest common divisor of m and q?
36
Let b = 0 - -2. Let r be (528/32)/((-3)/(-4)). What is the highest common divisor of b and r?
2
Suppose -5*j - 2*x + 341 = 0, 3*j + 2*x = j + 134. Let g = j + -30. What is the greatest common factor of g and 3?
3
Suppose g - 572 = -4*y, -6*g + 9*g = -y + 143. What is the greatest common factor of y and 33?
11
Let s = 63 - -135. Suppose 3*h - 10 = i - 5*i, h = -5*i - 4. Let q be (2/h + 0)*(-132)/(-2). What is the greatest common divisor of s and q?
22
Let a be 26/10 + -2 - 235/(-25). Suppose -3*t = -6*t + 75. Let u = t + a. Calculate the highest common divisor of 14 and u.
7
Let z(a) = 12*a + 4. Let t be z(2). Let m = t + -17. What is the highest common factor of 22 and m?
11
Let g = 331 - 297. What is the highest common factor of g and 187?
17
Let s = 770 + -294. Calculate the highest common factor of s and 224.
28
Suppose -14*v + 115 = -2335. Calculate the greatest common factor of v and 140.
35
Let g be (-825)/10 - 2/4. Let k = 174 + g. What is the greatest common divisor of 13 and k?
13
Suppose 18*o - 34*o + 3600 = 0. Let t be 1/2 - 49/(-2). What is the greatest common factor of o and t?
25
Let k(y) = -3*y + 37. Let d be k(6). What is the highest common divisor of 76 and d?
19
Suppose 0 = -k - 5*m + m - 1, -5*k = 5*m - 10. Suppose 0 = 4*q + 3*h - 96, -k*q - 5*h + 56 = -16. What is the greatest common divisor of q and 192?
24
Suppose -309 - 195 = -18*f. Let r(j) = -2*j + 64. Let q be r(f). What is the greatest common divisor of 4 and q?
4
Suppose 0 = 1023*s - 1029*s + 360. Calculate the highest common factor of 80 and s.
20
Let r(g) be the third derivative of -g**4/3 + 5*g**3/2 - 14*g**2. Let m be r(-10). What is the greatest common factor of 19 and m?
19
Suppose 5*p - 58 - 92 = 0. Let r = 30 - 28. Suppose r*c - 92 = 58. Calculate the greatest common factor of p and c.
15
Suppose -5*g + j + 4*j = 10, -4*g + 17 = j. Suppose -2*r - g*r = -490. Calculate the highest common divisor of r and 14.
14
Suppose x = -0*k - 4*k + 141, 0 = 2*x + 6. Let q be (-27)/36 - (-1617)/44. Calculate the highest common divisor of q and k.
36
Suppose -555 = -5*s + 5*x, 0 = -10*s + 15*s - 3*x - 565. Calculate the highest common divisor of 36 and s.
4
Suppose 14 = 2*d - 2*z - z, 40 = 4*d - 3*z. Calculate the highest common factor of 65 and d.
13
Let i be 21 - (-12)/(-8)*2. Calculate the greatest common divisor of 27 and i.
9
Suppose 5*y - y + 4 = 4*p, -3*p + 4*y + 2 = 0. Suppose 5*m = -0*m + 5*t + 115, -4*t + 70 = p*m. Calculate the greatest common factor of m and 9.
9
Suppose -3*p - 6 = -12. What is the highest common divisor of p and 28?
2
Let m be -2 + 19 + 0 + (-2 - -1). Let l = -15 + m. What is the greatest common divisor of 11 and l?
1
Let c(h) = -6*h + 6. Let x be c(6). Let v = x + 30. Suppose v = 4*p - 39 - 45. What is the greatest common divisor of 21 and p?
21
Let h be -3 + (3 - -3)/2. Suppose 0 = 4*a - 4 - 4. Let g = a + h. What is the highest common divisor of 5 and g?
1
Let j be 136/170*(-1 - -56). Suppose -3*m = -m - 4*x - 60, -2*m - 4*x = -j. What is the greatest common divisor of m and 65?
13
Suppose -33 = -g - 2*g. Suppose g*r - 360 = 8*r. Calculate the highest common factor of 15 and r.
15
Let y(l) = 2*l - 6. Let g be y(-6). Let t = 22 + g. Suppose t*n - 21 = -13. What is the greatest common divisor of n and 10?
2
Let a be 6/(-27) - (-822)/54. Let x(p) = -3*p**3 - 6*p**2 - 4*p + 8. Let v be x(-4). Calculate the greatest common factor of a and v.
15
Suppose -30 = -3*z + h, 2*z - 13 - 15 = -2*h. What is the highest common factor of z and 88?
11
Let a(h) = -5*h - 14. Let p be a(-10). Let n = 6 + -4.